t g(f) = -8*f**2 + 153*f - 8. What is g(19)?
11
Let z(u) = -2*u**2 - 48*u + 706. What is z(-35)?
-64
Let i(v) = 149*v + 1060. Determine i(-8).
-132
Let q(u) = -113*u + 177. Determine q(1).
64
Let w(t) = 10*t - 176. What is w(-6)?
-236
Let o(q) = -2*q**2 - 220*q - 1499. Determine o(-7).
-57
Let x(l) = 3*l**2 - 31*l + 82. Give x(8).
26
Let j(n) = 28*n**3 + 396*n**2 + 69*n + 192. Determine j(-14).
10
Let z(x) = 72*x - 161. Determine z(-1).
-233
Let x(b) = 16143*b + 32296. Determine x(-2).
10
Let t(g) = 2*g**3 + 598*g**2 - 11*g - 3284. Determine t(-299).
5
Let n(k) = 4*k - 24. Calculate n(-4).
-40
Let o(u) = -4*u**2 + 30*u - 335. Determine o(11).
-489
Let z(a) = -2*a**3 + 30*a**2 - 51*a + 329. What is z(14)?
7
Let y(x) = 4*x**3 - 5*x**2 + 5*x - 5. Calculate y(-3).
-173
Let w(q) = -q**2 - 24*q + 90. Determine w(3).
9
Let x(c) = -169*c + 835. Determine x(5).
-10
Let d(q) = q**2 - 14*q + 24. Determine d(14).
24
Let g(f) = 44*f**2 + 307*f + 2. Calculate g(-7).
9
Let o(m) = 9*m**2 + 4*m - 4. What is o(1)?
9
Let v(s) = s**2 - 32*s - 93. What is v(29)?
-180
Let d(v) = -24*v + 1046. Calculate d(46).
-58
Let o(n) = -20*n**3 + n**2 - 9*n - 8. Determine o(-1).
22
Let u(b) = 4*b + 1284. Determine u(-321).
0
Let h(j) = 3*j**2 - 63*j + 110. Give h(2).
-4
Let j(l) = -l**3 + 10*l**2 + 81*l - 810. Determine j(9).
0
Let g(i) = -8197*i - 40975. Calculate g(-5).
10
Let n(t) = -83*t + 66. Give n(2).
-100
Let a(m) = 524*m + 82265. Calculate a(-157).
-3
Let o(k) = 356*k - 6005. Determine o(17).
47
Let l(o) = o**2 + 19*o + 55. What is l(-15)?
-5
Let q(w) = w**3 - 20*w**2 + 43*w + 145. What is q(17)?
9
Let u(z) = z**2 + 29*z + 92. Give u(-3).
14
Let m(g) = -433*g - 859. Determine m(-2).
7
Let y(x) = -x**2 + 18*x + 160. Determine y(-7).
-15
Let j(z) = -28*z - 174. Determine j(12).
-510
Let i(h) = -482*h - 5625. What is i(-11)?
-323
Let n(g) = -9*g**2 + 25*g + 107. Give n(-7).
-509
Let w(a) = 32*a - 884. Determine w(50).
716
Let d(q) = -4*q - 115. What is d(-19)?
-39
Let x(k) = -11*k + 167. Determine x(15).
2
Let d(k) = k**3 + 10*k**2 - 98*k - 37. Give d(-16).
-5
Let z(k) = -2*k**2 - 186*k + 1633. What is z(8)?
17
Let i(t) = -t**3 + 218*t**2 + 4501*t + 470. Calculate i(237).
-4
Let k(n) = n**3 + 29*n**2 + 23*n - 189. Calculate k(-28).
-49
Let u(g) = -g**3 - 29*g**2 + 97*g + 33. Give u(-32).
1
Let y(r) = -22*r**3 - 15*r**2 - 7*r - 5. Give y(-1).
9
Let u(t) = 2*t**2 + 151*t - 778. Give u(5).
27
Let d(n) = n**2 - 56*n + 630. Determine d(46).
170
Let f(j) = -j**3 - 145*j**2 - 289*j - 422. Give f(-143).
7
Let h(u) = 7*u**2 + 249*u + 235. Calculate h(-35).
95
Let h(w) = -24*w + 109. Determine h(17).
-299
Let v(k) = -4*k**2 + 376*k - 8. Calculate v(0).
-8
Let h(a) = a**2 - 74*a + 1008. Calculate h(18).
0
Let k(y) = y**3 - 6*y**2 - 9*y + 42. Give k(6).
-12
Let b(z) = -z**2 - 955*z - 3802. Calculate b(-4).
2
Let i(g) = -4*g + 169. What is i(39)?
13
Let f(w) = -w**3 - 11*w**2 - 24*w - 100. Determine f(-9).
-46
Let d(h) = 5*h**2 - 1853*h + 5520. What is d(3)?
6
Let i(a) = 2*a**3 + 8*a - 22. What is i(5)?
268
Let u(i) = 4*i**2 + 26*i + 56. Determine u(-2).
20
Let k(w) = -3*w**2 - 157*w + 1711. Calculate k(10).
-159
Let w(o) = -15*o**2 + 1405*o + 143. Give w(94).
-327
Let h(i) = -60*i**2 - 133*i - 8. What is h(-2)?
18
Let t(l) = l**3 - 26*l**2 - 45*l - 18. Give t(28).
290
Let b(p) = 9*p - 302. What is b(-32)?
-590
Let y(j) = -4*j**3 - 29*j**2 - 8*j + 20. What is y(-7)?
27
Let d(f) = -5*f - 147. Calculate d(-5).
-122
Let s(t) = t**2 + 46*t - 1112. Calculate s(17).
-41
Let c(u) = u**3 + 57*u**2 + 658*u + 79. Determine c(-41).
-3
Let d(o) = 47*o**2 + 1784*o - 90. Give d(-38).
-14
Let y(r) = 24*r - 357. Determine y(14).
-21
Let l(d) = -660*d - 14524. Determine l(-22).
-4
Let i(v) = -28*v - 295. Calculate i(-22).
321
Let d(f) = 2*f**3 + 11*f**2 - f + 752. What is d(0)?
752
Let z(l) = -l**3 + 188*l**2 - 163*l - 4495. Determine z(187).
-7
Let a(d) = d**3 - 8*d**2 + d + 2. What is a(7)?
-40
Let y(h) = -5*h**2 - 169*h + 115. Calculate y(-35).
-95
Let f(q) = -q**2 + 20*q + 22. Give f(20).
22
Let u(t) = -t**3 + 20*t**2 + 15*t + 134. What is u(21)?
8
Let z(f) = 4*f**2 - 355*f - 93. Calculate z(90).
357
Let t(y) = 1388*y - 5558. What is t(4)?
-6
Let c(d) = d + 57. Calculate c(-56).
1
Let k(a) = -4*a**2 + 662*a - 330. What is k(165)?
0
Let m(x) = x**2 - 15*x + 19. Calculate m(0).
19
Let h(l) = 104*l + 20282. Determine h(-195).
2
Let y(o) = o**3 - 311*o**2 - 1251*o - 2858. What is y(315)?
-23
Let a(j) = -12*j + 193. Calculate a(17).
-11
Let k(q) = -q**3 + 17*q**2 + 38*q - 40. Give k(19).
-40
Let w(k) = -3*k**2 - k + 6. Calculate w(-7).
-134
Let f(v) = 16*v**2 + 127*v + 32. Give f(-8).
40
Let j(o) = -106*o - 546. Calculate j(-5).
-16
Let g(y) = y**3 + 8*y**2 - 241*y - 2222. What is g(-10)?
-12
Let m(s) = s**2 + 215*s + 1482. Give m(-208).
26
Let v(b) = -b**2 + 24*b - 102. What is v(-6)?
-282
Let r(b) = -b**3 + 57*b**2 - 356*b + 277. Calculate r(50).
-23
Let o(d) = d**3 + 42*d**2 - 18*d + 1069. Give o(-43).
-6
Let n(x) = -12*x + 36. Give n(11).
-96
Let w(k) = -153*k + 156. What is w(1)?
3
Let d(l) = -3*l**3 + 827*l**2 + 2796*l - 1676. Give d(279).
-2
Let t(p) = -21*p**2 - 34*p - 2. What is t(-4)?
-202
Let t(x) = x**2 - 2*x - 1371. Calculate t(38).
-3
Let p(x) = 4*x**2 - 263*x - 618. Give p(68).
-6
Let m(h) = -276*h - 10213. What is m(-37)?
-1
Let x(b) = -150*b + 217. Calculate x(3).
-233
Let n(s) = 549*s**2 - 1643*s + 3. Calculate n(3).
15
Let b(p) = -198*p - 983. Determine b(-5).
7
Let h(i) = i**3 + 12*i**2 + 25*i + 152. What is h(-11)?
-2
Let p(r) = 452*r - 1648. Give p(6).
1064
Let y(t) = 3*t**2 - 25*t + 107. Give y(7).
79
Let b(k) = -15*k + 205. Calculate b(12).
25
Let a(p) = p**3 - 41*p**2 - 132*p - 79. Calculate a(44).
-79
Let n(i) = -8*i**2 + 24*i - 7. Determine n(3).
-7
Let q(z) = -z**3 - 18*z**2 - 39*z - 393. Calculate q(-17).
-19
Let s(i) = i**3 - 38*i**2 + 73*i + 59. Give s(36).
95
Let q(r) = -r**3 - 9*r**2 - 14*r - 73. Calculate q(-9).
53
Let z(h) = -h**3 - 48*h**2 + 95*h - 99. What is z(-50)?
151
Let n(b) = -5*b**2 + 249*b + 64. What is n(50)?
14
Let t(u) = u**3 + 12*u**2 - 6*u - 20. Give t(-8).
284
Let g(o) = -96*o + 259. Give g(3).
-29
Let i(b) = b**3 + 44*b**2 + 149*b + 37. Calculate i(-4).
81
Let v(g) = 5*g**2 + 101*g + 485. Give v(-11).
-21
Let j(z) = 3*z**3 - 13*z**2 + 4. What is j(4)?
-12
Let m(k) = -k**3 + 126*k**2 - 837*k + 471. Determine m(119).
-5
Let o(f) = 449*f + 13449. Calculate o(-30).
-21
Let k(m) = 8*m**2 - 84*m - 7. Give k(10).
-47
Let l(j) = 2*j**2 - 8*j - 12. Give l(5).
-2
Let t(n) = -22*n**3 - 129*n**2 + 32*n + 68. Calculate t(-6).
-16
Let k(a) = -a**3 + 23*a**2 - 104*a + 45. Determine k(17).
11
Let y(n) = 183*n + 1733. What is y(-9)?
86
Let p(f) = 222*f**3 - 2*f**2 - 3*f. Give p(-1).
-221
Let i(t) = -t**3 + 41*t**2 - 333*t + 27. What is i(11)?
-6
Let n(s) = -7*s**3 + 253*s**2 - 39*s + 86. What is n(36)?
-22
Let z(p) = -2405*p - 14435. Give z(-6).
-5
Let f(z) = 9*z**2 + 391*z - 1176. What is f(3)?
78
Let i(c) = -c**2 + 30*c - 105. What is i(5)?
20
Let z(h) = -h**3 - 21*h**2 - h - 79. Give z(-21).
-58
Let s(f) = 36*f**3 - 2*f**2 + 1. Calculate s(-1).
-37
Let d(t) = -52*t - 246. Give d(-12).
378
Let z(u) = -201*u + 1000. Determine z(5).
-5
Let m(r) = -204*r + 71607. Calculate m(351).
3
Let w(l) = -4*l - 40. Calculate w(-13).
12
Let w(v) = -2*v**3 - 24*v**2 + 25*v - 17. Give w(-13).
-4
Let y(r) = -r**3 + 25*r**2 + 137*r + 396. What is y(30)?
6
Let w(s) = 33*s + 394. Calculate w(-7).
163
Let b(n) = n**3 + 129*n**2 - 527*n + 655. Calculate b(-133).
-10
Let r(k) = -k**3 + 5*k**2 + 4*k - 9. Determine r(5).
11
Let p(j) = -2*j**3 - 12*j**2 + 164*j + 991. Determine p(-6).
7
Let c(g) = 188*g - 2998. What is c(16)?
10
Let y(r) = -19*r - 37. What is y(-5)?
58
Let r(q) = 12*q**2 - 49*q - 1137. Give r(12).
3
Let q(c) = -57*c - 4587. Give q(-80).
-27
Let d(b) = -17*b**2 - 79*b + 269. What is d(3)?
-121
Let a(g) = -g**2 + 59*g - 16. Determine a(0).
-16
Let d(f) = f**2 + 14*f - 103. Calculate d(-18).
-31
Let x(v) = 3727*v + 130458. Give x(-35).
13
Let m(t) = -2*t**3 - 132*t**2 - 21*t - 1388. Determine m(-66).
-2
Let k(a) = 6615*a - 105836. Determine k(16).
4
Let y(w) = -2*w**3 + 7*w**2 + 59*w + 196. Give y(-4).
200
Let b(c) = -c**3 - 33*c**2 - 39*c - 231. What is b(-32)?
-7
Let t(v